{"id":1157,"date":"2024-07-17T15:18:03","date_gmt":"2024-07-17T18:18:03","guid":{"rendered":"https:\/\/laudiceacosmeticos.com.br\/?post_type=product&#038;p=1157"},"modified":"2024-08-06T17:29:40","modified_gmt":"2024-08-06T20:29:40","slug":"linha-pos-quimica","status":"publish","type":"product","link":"https:\/\/laudiceacosmeticos.com.br\/?product=linha-pos-quimica","title":{"rendered":"Kit P\u00f3s Qu\u00edmica"},"content":{"rendered":"","protected":false},"excerpt":{"rendered":"<p>Linha p\u00f3s qu\u00edmica<\/p>\n<p>Benef\u00edcios!<br \/>\nShampoo: limpeza sem agress\u00e3o, reconstr\u00f3i os fios danificados, hidrata\u00e7\u00e3o e maciez.<br \/>\nPrincipais ativos: pantenol, \u00f3leo de linha\u00e7a e col\u00e1geno hidrolizado.<br \/>\nCondicionador: condicionamento intenso, reconstr\u00f3i os fios danificados, brilho e maciez.<br \/>\nM\u00e1scara de tratamento:<br \/>\nPromove hidrata\u00e7\u00e3o, nutri\u00e7\u00e3o e reconstru\u00e7\u00e3o.<br \/>\nPrincipais ativos: pantenol, \u00f3leo de linha\u00e7a e col\u00e1geno.<br \/>\nLeave-in finalizador: A\u00e7\u00e3o antifrizz, prote\u00e7\u00e3o t\u00e9rmica, facilita o penteado,hidrata\u00e7\u00e3o e reconstru\u00e7\u00e3o<br \/>\nPrincipais ativos: silicone, manteiga de murumuru e \u00f3leo de c\u00f4co.<br \/>\nReparador de pontas: Repara as pontas, prote\u00e7\u00e3o t\u00e9rmica, brilho e toque aveludado.<\/p>\n","protected":false},"featured_media":1158,"comment_status":"closed","ping_status":"closed","template":"","meta":[],"product_brand":[],"product_cat":[15],"product_tag":[],"class_list":{"0":"post-1157","1":"product","2":"type-product","3":"status-publish","4":"has-post-thumbnail","6":"product_cat-sem-categoria","8":"first","9":"instock","10":"shipping-taxable","11":"purchasable","12":"product-type-simple"},"_links":{"self":[{"href":"https:\/\/laudiceacosmeticos.com.br\/index.php?rest_route=\/wp\/v2\/product\/1157","targetHints":{"allow":["GET"]}}],"collection":[{"href":"https:\/\/laudiceacosmeticos.com.br\/index.php?rest_route=\/wp\/v2\/product"}],"about":[{"href":"https:\/\/laudiceacosmeticos.com.br\/index.php?rest_route=\/wp\/v2\/types\/product"}],"replies":[{"embeddable":true,"href":"https:\/\/laudiceacosmeticos.com.br\/index.php?rest_route=%2Fwp%2Fv2%2Fcomments&post=1157"}],"wp:featuredmedia":[{"embeddable":true,"href":"https:\/\/laudiceacosmeticos.com.br\/index.php?rest_route=\/wp\/v2\/media\/1158"}],"wp:attachment":[{"href":"https:\/\/laudiceacosmeticos.com.br\/index.php?rest_route=%2Fwp%2Fv2%2Fmedia&parent=1157"}],"wp:term":[{"taxonomy":"product_brand","embeddable":true,"href":"https:\/\/laudiceacosmeticos.com.br\/index.php?rest_route=%2Fwp%2Fv2%2Fproduct_brand&post=1157"},{"taxonomy":"product_cat","embeddable":true,"href":"https:\/\/laudiceacosmeticos.com.br\/index.php?rest_route=%2Fwp%2Fv2%2Fproduct_cat&post=1157"},{"taxonomy":"product_tag","embeddable":true,"href":"https:\/\/laudiceacosmeticos.com.br\/index.php?rest_route=%2Fwp%2Fv2%2Fproduct_tag&post=1157"}],"curies":[{"name":"wp","href":"https:\/\/api.w.org\/{rel}","templated":true}]}}