{"id":2383,"date":"2026-02-03T11:40:28","date_gmt":"2026-02-03T14:40:28","guid":{"rendered":"https:\/\/laudiceacosmeticos.com.br\/?post_type=product&#038;p=2383"},"modified":"2026-02-03T11:43:24","modified_gmt":"2026-02-03T14:43:24","slug":"pomada-modeladora-embaixador-85g","status":"publish","type":"product","link":"https:\/\/laudiceacosmeticos.com.br\/?product=pomada-modeladora-embaixador-85g","title":{"rendered":"Pomada modeladora Embaixador 85g"},"content":{"rendered":"","protected":false},"excerpt":{"rendered":"<p>A Pomada Modeladora Efeito Seco \u00e9 ideal para quem busca estilo, defini\u00e7\u00e3o e um acabamento natural no dia a dia. Sua f\u00f3rmula proporciona <strong data-start=\"272\" data-end=\"289\">fixa\u00e7\u00e3o firme<\/strong>, sem deixar o cabelo oleoso ou pesado, garantindo um <strong data-start=\"343\" data-end=\"368\">visual seco e moderno<\/strong> por muito mais tempo.<\/p>\n","protected":false},"featured_media":2384,"comment_status":"closed","ping_status":"closed","template":"","meta":[],"product_brand":[],"product_cat":[15],"product_tag":[],"class_list":{"0":"post-2383","1":"product","2":"type-product","3":"status-publish","4":"has-post-thumbnail","6":"product_cat-sem-categoria","8":"first","9":"instock","10":"shipping-taxable","11":"purchasable","12":"product-type-simple"},"_links":{"self":[{"href":"https:\/\/laudiceacosmeticos.com.br\/index.php?rest_route=\/wp\/v2\/product\/2383","targetHints":{"allow":["GET"]}}],"collection":[{"href":"https:\/\/laudiceacosmeticos.com.br\/index.php?rest_route=\/wp\/v2\/product"}],"about":[{"href":"https:\/\/laudiceacosmeticos.com.br\/index.php?rest_route=\/wp\/v2\/types\/product"}],"replies":[{"embeddable":true,"href":"https:\/\/laudiceacosmeticos.com.br\/index.php?rest_route=%2Fwp%2Fv2%2Fcomments&post=2383"}],"wp:featuredmedia":[{"embeddable":true,"href":"https:\/\/laudiceacosmeticos.com.br\/index.php?rest_route=\/wp\/v2\/media\/2384"}],"wp:attachment":[{"href":"https:\/\/laudiceacosmeticos.com.br\/index.php?rest_route=%2Fwp%2Fv2%2Fmedia&parent=2383"}],"wp:term":[{"taxonomy":"product_brand","embeddable":true,"href":"https:\/\/laudiceacosmeticos.com.br\/index.php?rest_route=%2Fwp%2Fv2%2Fproduct_brand&post=2383"},{"taxonomy":"product_cat","embeddable":true,"href":"https:\/\/laudiceacosmeticos.com.br\/index.php?rest_route=%2Fwp%2Fv2%2Fproduct_cat&post=2383"},{"taxonomy":"product_tag","embeddable":true,"href":"https:\/\/laudiceacosmeticos.com.br\/index.php?rest_route=%2Fwp%2Fv2%2Fproduct_tag&post=2383"}],"curies":[{"name":"wp","href":"https:\/\/api.w.org\/{rel}","templated":true}]}}